- 3*a**3 + a + 2. What is the units digit of q(y)?
4
Suppose -h + 2*h - 15 = 4*o, -4*h + o + 30 = 0. Let f be (-8 + 5)/((-19)/8 + 2). Let b = f - h. What is the units digit of b?
1
Suppose 0 = 4*n + 87 - 175. What is the units digit of n?
2
Let v = -2 - -2. Suppose -5*t + 314 - 74 = v. What is the units digit of t?
8
Suppose 2*m + u = -7, -3*u - 11 = 3*m - u. Let d be (m/9)/(4/(-24)). Suppose b = 2*b - d. What is the units digit of b?
2
Let j = 49 - 47. Let x(u) = 10*u. Let n be x(2). What is the tens digit of n + 0 + j + 0?
2
Suppose -355 = -4*b + 33. What is the tens digit of b?
9
Suppose -2*w + 3*k = -5*w + 198, k = 0. What is the tens digit of w?
6
Suppose -2*h + h = -23. Let d = h + -10. What is the tens digit of d?
1
What is the tens digit of 0/(-2) + (1 - (-27 - 5))?
3
Suppose 32 = -3*k + 5*q, 0 = -2*k - 3*q + 7*q - 24. What is the tens digit of (((-80)/1)/k)/1?
2
Suppose 5*x = -102 + 257. What is the units digit of x?
1
Suppose -5*l - 5*q - 45 = 0, 3*q - 1 = -0*l + 4*l. Let i = 7 + l. What is the units digit of i?
3
Let u be 4/(-14) + 12/(-7). Let b(o) = 4*o**2 - 2*o + 1. Let g(h) = -h**3 + 5*h**2 - 3*h + 1. Let w(j) = -3*b(j) + 2*g(j). What is the units digit of w(u)?
7
Suppose 3*d - 54 = -4*f + 5*d, 0 = -2*f + 2*d + 30. What is the units digit of ((-81)/f - 1)*-4?
1
Let b be 2 + (2 + -2)/(-4). Suppose -b*a + 4*o + 56 = 0, -a + 19 = 2*o - o. What is the tens digit of a?
2
Let v = 35 + -20. Suppose -h + 3 = -v. What is the units digit of h?
8
Suppose 2*w - 3*w + 16 = 0. Let x(k) = 23*k - 1. Let b be x(1). Let g = b - w. What is the units digit of g?
6
Suppose 3*k - 3*n = 10 + 14, k = 4*n + 5. Let j = 2 + k. What is the tens digit of j?
1
Let c = 94 + -52. What is the units digit of 2/(-14) + 258/c?
6
Let x(l) be the first derivative of -3 + 2*l**2 + 1/3*l**3 + 7*l. What is the units digit of x(-5)?
2
Suppose 0 = 8*z - 1239 - 129. What is the tens digit of z?
7
Let h = -101 - -159. What is the units digit of h?
8
Suppose -20 - 88 = -6*u. What is the tens digit of u?
1
Suppose v = 2*w - 44, -5*w + 2*v = -50 - 61. Suppose -4 = k - w. What is the units digit of k?
9
What is the units digit of -3*(-6)/18*185?
5
What is the tens digit of 9*((-16)/(-3) + 5)?
9
Let v(k) = -3*k**2 - 7*k + 5. Let q(y) = 2*y**2 + 4*y - 3. Let g = -2 - -6. Let o(b) = g*v(b) + 7*q(b). What is the units digit of o(-2)?
7
Suppose 0 = -4*n + 4*c - 4, -2*n + 9 = 2*c - 1. Suppose 7 + 21 = n*k. What is the units digit of k?
4
Let m(v) = -v - 1. Let a be m(-1). Suppose -3*p - 2*u = -78, 2*p - 2*u - 42 = -a*u. What is the tens digit of p?
2
Suppose -2*m + 2*o = -80, -2*m + o + 83 - 5 = 0. What is the tens digit of m?
3
Let j = 218 + -75. What is the tens digit of j?
4
Suppose -20 = 3*b - 0*b - n, -4*b - 4*n = 0. Let q = 15 + b. What is the units digit of q?
0
Let b(a) = 3*a**3 + 3*a**2 + a - 2. Let t be b(-2). Let w = 28 + t. What is the tens digit of w?
1
Suppose -3*h = -3*f - 48, 2*h - 4*h + 5*f = -47. What is the tens digit of h?
1
Let k(c) = 9*c + 7. What is the units digit of k(6)?
1
Let i be 33/9 + 4/(-6). Suppose m = -g + 5*m - 19, -2*g + m = i. What is the units digit of (-8 + 3)*g*-1?
5
Suppose c + 1 = -1. What is the units digit of 2 + -3*c/6?
3
Let g(b) = -b**3 + 2*b**2 + 2*b + 3. Let x be g(3). Suppose 3*z = 15 - x. Suppose 4*p = -4*d + 20, -6 = -2*d - z*p + 10. What is the units digit of d?
3
Let h = -3 + -18. Let b = -11 - h. Suppose -2*g - 3*g = 4*j + b, -g - 5*j - 23 = 0. What is the units digit of g?
2
Let o = 3 - -3. What is the units digit of o?
6
Suppose 0 = 3*p + p - 396. Let l = p - 70. What is the units digit of l?
9
Let i be (-668)/(-12) + 6/(-9). What is the tens digit of (-10)/i - 664/(-22)?
3
Suppose -3*u + 9 = -5*u - 3*s, -14 = 4*u + 2*s. Let c = u + 6. Suppose -8*v + c*v = -30. What is the units digit of v?
6
Let t(w) = -w + 14. Suppose -4*g - 2*l = -4*l + 30, g - l = -7. What is the tens digit of t(g)?
2
Suppose 3*s - 101 = 5*h, 4*h = -2*s + 30 + 52. Let t = s + -15. What is the units digit of t?
2
Let t(o) = 4 - o**3 - 10*o - 12*o**2 + 5 - 2*o - 5. What is the tens digit of t(-11)?
1
Suppose 0 = -4*j + 2*w + 10 + 14, 28 = 4*j - 4*w. Suppose j*v + 25 = 10*v. What is the units digit of v?
5
Let o = 28 - 15. What is the tens digit of o?
1
Let s = -20 + 135. What is the hundreds digit of s?
1
Suppose -10*q + 560 = -2*q. What is the tens digit of q?
7
Let j = 3 + 0. Suppose 3*r = -2*r + 260. Suppose -5*d = -j*k + 7*k - r, -5*k + 4*d = -65. What is the units digit of k?
3
Let a = 2 - -2. Suppose a = d - 7. What is the tens digit of d?
1
What is the units digit of 16/12*9 + 3?
5
Let f = -84 - -140. Let r = -32 + f. What is the units digit of r?
4
Let d(z) = -10*z - 1. Let s(p) = -11*p. Let w(j) = -4*d(j) + 3*s(j). What is the tens digit of w(5)?
3
Let c = 35 + -24. Suppose -4*o + 12 = 4*w, 2*w + 5*o = 2 - c. What is the units digit of w?
8
Let a be 0/(-8) + 2/(-1). Let v(g) = 4*g**2 - 2*g - 2. What is the units digit of v(a)?
8
Let f = 46 + -64. Let a = f - 0. What is the units digit of 172/36 + (-4)/a?
5
Let r(c) = -6 - 12*c**2 - 5*c**3 + 17*c**2 + 2*c + 4*c**3. Suppose n + 20 = 5*n. What is the units digit of r(n)?
4
Suppose 0 = 87*g - 81*g - 1248. What is the tens digit of g?
0
Suppose -4*z + 8 = 0, 5*s - 5*z - 97 = 148. What is the tens digit of s?
5
What is the units digit of 44/2 - (2 - 3)?
3
Let y be -4 - ((-42)/3 + 4). Let h = 29 - y. What is the tens digit of h?
2
Suppose -127 = -2*v + 93. What is the hundreds digit of v?
1
Let z(a) = -23*a + 19. What is the hundreds digit of z(-5)?
1
Suppose 2*c = -11 + 35. What is the units digit of c?
2
Let h(q) = -q + 13. What is the units digit of h(6)?
7
Let m be (-1 - 5)/(1/4). Let r = m - -35. What is the tens digit of r?
1
Let z be 58 - (2 + -5)/(-1). Suppose -5*l + z = -0*l. Let a = l - 6. What is the units digit of a?
5
Let s = 60 + -43. Suppose z - 2 = s. What is the units digit of z?
9
Suppose 3*o - 6*p - 16 = -4*p, 5*o = -2*p. Let f be (-2*3)/(o/(-15)). Suppose -4*l + 39 = -3*t, -5*t = -3*l + f - 2. What is the units digit of l?
6
Suppose -2*k - 2 = -4*c - 14, -2*c + 3*k = 14. Let w be (2 - (2 + -13)) + c. Suppose 2*d - w - 8 = 0. What is the tens digit of d?
1
Let s(b) = -b**3 - 8*b**2 + 11*b + 9. Let w be s(-9). Let l = -8 - w. What is the tens digit of (-1)/2*(-32)/l?
1
Suppose -4*k - 20 = -4*l, -1 + 7 = 4*l + 3*k. Suppose 0 = v - 4*m + 11, v - l*m = -6*m + 24. What is the units digit of v?
9
Let g be (-2 - -4) + 2 + -1. Suppose g*c - 2*c = 9. What is the units digit of c?
9
Suppose 0 = -4*t - 16, 0*i - 4*t - 166 = -2*i. What is the tens digit of i?
7
Suppose 0 = u + x - 10, -8 = -3*x + 4. What is the units digit of 3 - (u + -3) - -3?
3
Suppose f - 145 = 70. Suppose 0 = -7*v + 2*v + f. What is the units digit of v?
3
Let s(i) = -i**3 + 10*i**2 + i - 7. Let r be s(10). Suppose -r*q = -6, 0*l - 3*l + 4*q = -10. What is the units digit of l?
6
Let w = -19 + 41. Let i = w - -5. What is the tens digit of i?
2
Let l(t) = -t + 2. Suppose -3*v = 2*z - 1, 1 = 2*v + 4*z + 3. Let d = -1 + v. What is the units digit of l(d)?
2
Let a(v) = -v**2 - 9*v + 6. Let u be a(-8). What is the units digit of 2/(-2) - -1*u?
3
Suppose 4*m - 12 = m + 5*j, -5*m = 5*j - 20. Suppose -m*b = -4 - 4. Suppose -4*w + 16 = -b*w. What is the units digit of w?
8
Let p(s) = 28*s + 8. What is the tens digit of p(6)?
7
Suppose -o - 32 = 5*q, -3*q + 5*q = -8. Let s be ((-2)/6)/(2/o). Suppose -25 = s*f - 7*f. What is the units digit of f?
5
Let c(k) = 9*k**3 - k**2 - k + 1. Suppose 4*r - 3*r + 1 = 0. Let m be 2 + (-2 - (r - 0)). What is the units digit of c(m)?
8
Suppose -2*i + 106 = -5*x, -240 = i - 5*i + 3*x. What is the units digit of i?
3
Suppose s - 117 = -8*l + 3*l, 0 = l + 4*s - 12. What is the units digit of (l/20)/((-6)/(-20))?
4
What is the units digit of 3*(-8)/6*-1?
4
Let k(d) be the second derivative of 3*d**5/10 + d**4/12 - d**3/6 + d**2/2 + 2*d. What is the units digit of k(1)?
7
Let d(m) = -m. Let j(c) = 2*c + 8. Let q(u) = 3*d(u) + j(u). Let k be q(0). What is the units digit of ((-7)/4)/((-1)/k)?
4
Let h be 5/(-10) + (-41)/2. Let q = -14 - h. What is the units digit of q?
7
Let l(j) be the second derivative of j**5/20 + 5*j**4/6 + 4*j**3/3 - 11*j**2/2 - 6*j. What is the units digit of l(-8)?
3
Let m(p) = -p**2